{"id":54,"date":"2025-07-04T22:03:50","date_gmt":"2025-07-04T22:03:50","guid":{"rendered":"https:\/\/jaybee.dk\/?page_id=54"},"modified":"2025-11-10T22:03:23","modified_gmt":"2025-11-10T22:03:23","slug":"jaybee-live-dansemusik-til-din-fest","status":"publish","type":"page","link":"https:\/\/jaybee.dk\/","title":{"rendered":"JayBee &#8211; Live musik til din fest"},"content":{"rendered":"<p>JayBee er et 5-mands live band med et dansevenligt og varieret repertoire. Vi har spillet til bryllupper, f\u00f8dselsdage, julefrokoster, firmafester og festarrangementer.<\/p>\n<p>Repertoiret er popul\u00e6r musik af f.eks. Thomas Helmig, TV2, Gnags, U2 og Beatles.<\/p>\n<p>Bandets historie g\u00e5r tilbage til 1991, hvor fire ud af de fem nuv\u00e6rende medlemmer arbejdede i samme bank, en bank som har forkortelsen J B, s\u00e5 det er forklaringen p\u00e5 bandets navn JayBee. Det f\u00f8rste job vi havde, var til en fest i banken med over 1.000 g\u00e6ster. <span style=\"font-size: revert;\">Vi har spillet mange steder lige fra mindre private fester, til et fem-stjernes hotel i Spanien, det vigtigste er, at det er sjovt og g\u00e6sterne har en fest.<\/span><\/p>\n<p>Kontakt: skriv til post@jaybee.dk eller ring til 21647464.<\/p>\n","protected":false},"excerpt":{"rendered":"<p>JayBee er et 5-mands live band med et dansevenligt og varieret repertoire. Vi har spillet til bryllupper, f\u00f8dselsdage, julefrokoster, firmafester og festarrangementer. Repertoiret er popul\u00e6r musik af f.eks. Thomas Helmig, TV2, Gnags, U2 og Beatles. Bandets historie g\u00e5r tilbage til 1991, hvor fire ud af de fem nuv\u00e6rende medlemmer arbejdede i samme bank, en bank <a href=\"https:\/\/jaybee.dk\/\" class=\"more-link\">&#8230;<span class=\"screen-reader-text\">  JayBee &#8211; Live musik til din fest<\/span><\/a><\/p>\n","protected":false},"author":1,"featured_media":0,"parent":0,"menu_order":0,"comment_status":"closed","ping_status":"closed","template":"","meta":{"footnotes":""},"class_list":["post-54","page","type-page","status-publish","hentry"],"_links":{"self":[{"href":"https:\/\/jaybee.dk\/index.php?rest_route=\/wp\/v2\/pages\/54","targetHints":{"allow":["GET"]}}],"collection":[{"href":"https:\/\/jaybee.dk\/index.php?rest_route=\/wp\/v2\/pages"}],"about":[{"href":"https:\/\/jaybee.dk\/index.php?rest_route=\/wp\/v2\/types\/page"}],"author":[{"embeddable":true,"href":"https:\/\/jaybee.dk\/index.php?rest_route=\/wp\/v2\/users\/1"}],"replies":[{"embeddable":true,"href":"https:\/\/jaybee.dk\/index.php?rest_route=%2Fwp%2Fv2%2Fcomments&post=54"}],"version-history":[{"count":52,"href":"https:\/\/jaybee.dk\/index.php?rest_route=\/wp\/v2\/pages\/54\/revisions"}],"predecessor-version":[{"id":245,"href":"https:\/\/jaybee.dk\/index.php?rest_route=\/wp\/v2\/pages\/54\/revisions\/245"}],"wp:attachment":[{"href":"https:\/\/jaybee.dk\/index.php?rest_route=%2Fwp%2Fv2%2Fmedia&parent=54"}],"curies":[{"name":"wp","href":"https:\/\/api.w.org\/{rel}","templated":true}]}}